at is the remainder when 14333895 is divided by 100?
95
What is the remainder when 68754071 is divided by 524840?
31
What is the remainder when 71356 is divided by 70264?
1092
What is the remainder when 10393292 is divided by 17796?
428
What is the remainder when 802937 is divided by 10999?
10
Calculate the remainder when 179301 is divided by 13746.
603
What is the remainder when 1728266 is divided by 461?
438
Calculate the remainder when 371420 is divided by 146.
142
What is the remainder when 1748886 is divided by 198?
150
What is the remainder when 73336 is divided by 36390?
556
What is the remainder when 180695 is divided by 4238?
2699
What is the remainder when 15890 is divided by 3888?
338
What is the remainder when 14934143 is divided by 14934136?
7
Calculate the remainder when 1501015 is divided by 922.
921
Calculate the remainder when 22264198 is divided by 5044.
5026
What is the remainder when 3472341 is divided by 69?
54
What is the remainder when 4629933 is divided by 16?
13
What is the remainder when 23578541 is divided by 1014?
1013
What is the remainder when 267609 is divided by 729?
66
Calculate the remainder when 637945 is divided by 151.
121
What is the remainder when 6746242 is divided by 22638?
118
Calculate the remainder when 41646 is divided by 1810.
16
Calculate the remainder when 214031 is divided by 569.
87
Calculate the remainder when 2986086 is divided by 15234.
222
Calculate the remainder when 7112468 is divided by 7.
6
Calculate the remainder when 22871 is divided by 22527.
344
Calculate the remainder when 5667395 is divided by 4152.
4067
Calculate the remainder when 5405872 is divided by 473.
428
What is the remainder when 575954 is divided by 605?
599
Calculate the remainder when 4288986 is divided by 88.
42
Calculate the remainder when 23258934 is divided by 4121.
10
What is the remainder when 21358 is divided by 5337?
10
What is the remainder when 918795 is divided by 2122?
2091
What is the remainder when 2110016 is divided by 11854?
4
Calculate the remainder when 13893 is divided by 10718.
3175
What is the remainder when 2229 is divided by 629?
342
What is the remainder when 95150368 is divided by 42?
40
What is the remainder when 7967939 is divided by 25295?
14
Calculate the remainder when 37808905 is divided by 32.
9
What is the remainder when 129269 is divided by 21065?
2879
What is the remainder when 391549 is divided by 32572?
685
Calculate the remainder when 954147 is divided by 1894.
1465
Calculate the remainder when 3580575 is divided by 592.
159
What is the remainder when 49182 is divided by 42265?
6917
What is the remainder when 1409387 is divided by 148?
131
What is the remainder when 18319766 is divided by 1323?
185
What is the remainder when 18180 is divided by 886?
460
What is the remainder when 1801558 is divided by 114?
16
What is the remainder when 11771237 is divided by 619533?
110
What is the remainder when 2998474 is divided by 8692?
8426
What is the remainder when 258519214 is divided by 1354?
1348
What is the remainder when 1138474 is divided by 1065?
1054
What is the remainder when 1167793 is divided by 1412?
69
What is the remainder when 6124558 is divided by 42?
34
Calculate the remainder when 80360 is divided by 1315.
145
What is the remainder when 410919 is divided by 410896?
23
Calculate the remainder when 5897923 is divided by 6.
1
Calculate the remainder when 549843 is divided by 273048.
3747
What is the remainder when 4797859 is divided by 1321?
1308
Calculate the remainder when 1503608 is divided by 1678.
120
What is the remainder when 4049861 is divided by 1012459?
25
Calculate the remainder when 3876237 is divided by 1563.
1560
What is the remainder when 782644 is divided by 44?
16
What is the remainder when 2118197 is divided by 10?
7
Calculate the remainder when 336053 is divided by 667.
552
What is the remainder when 81493 is divided by 3890?
3693
What is the remainder when 16016878 is divided by 264?
262
Calculate the remainder when 1843606 is divided by 342.
226
Calculate the remainder when 353115 is divided by 50008.
3059
Calculate the remainder when 1111503 is divided by 277868.
31
Calculate the remainder when 999689 is divided by 9256.
41
Calculate the remainder when 93062 is divided by 1501.
0
What is the remainder when 300263 is divided by 19777?
3608
Calculate the remainder when 132619 is divided by 13736.
8995
Calculate the remainder when 2208174 is divided by 1104084.
6
What is the remainder when 82327673 is divided by 196?
29
Calculate the remainder when 145231340 is divided by 4538479.
12
Calculate the remainder when 747269 is divided by 149450.
19
Calculate the remainder when 89018 is divided by 88136.
882
What is the remainder when 2611285 is divided by 48357?
7
What is the remainder when 21060497 is divided by 3689?
3685
What is the remainder when 144483 is divided by 8495?
68
Calculate the remainder when 2954354 is divided by 1335.
1334
What is the remainder when 60716454 is divided by 19?
16
Calculate the remainder when 350536 is divided by 13410.
1876
What is the remainder when 10375469 is divided by 105?
104
What is the remainder when 1732515 is divided by 866231?
53
Calculate the remainder when 1030073 is divided by 78.
5
Calculate the remainder when 481778 is divided by 34408.
66
Calculate the remainder when 17081 is divided by 8507.
67
Calculate the remainder when 6993776 is divided by 103.
76
What is the remainder when 1837585 is divided by 32?
17
What is the remainder when 2397478 is divided by 76?
58
What is the remainder when 125097 is divided by 462?
357
Calculate the remainder when 1892532 is divided by 946223.
86
Calculate the remainder when 337900 is divided by 33616.
1740
Calculate the remainder when 13575066 is divided by 9.
6
Calculate the remainder when 60894372 is divided by 354037.
8
Calculate the remainder when 6345719 is divided by 1566.
287
Calculate the remainder when 4149824 is divided by 7.
0
What is the remainder when 60950 is divided by 324?
38
What is the remainder when 8676980 is divided by 313?
307
What is the remainder when 6837626 is divided by 22345?
56
What is the remainder when 4506562 is divided by 166?
160
What is the remainder when 3479104 is divided by 1159669?
97
Calculate the remainder when 91048 is divided by 2862.
2326
What is the remainder when 263833 is divided by 7747?
435
Calculate the remainder when 189392 is divided by 94641.
110
Calculate the remainder when 421865 is divided by 421819.
46
Calculate the remainder when 632889 is divided by 286.
257
What is the remainder when 23190069 is divided by 184?
181
What is the remainder when 265704 is divided by 104?
88
What is the remainder when 2808423 is divided by 14627?
39
Calculate the remainder when 2204691 is divided by 754.
749
Calculate the remainder when 708327 is divided by 50594.
11
Calculate the remainder when 945962 is divided by 15015.
17
Calculate the remainder when 829175 is divided by 82851.
665
What is the remainder when 16963 is divided by 230?
173
Calculate the remainder when 3636965 is divided by 367.
362
What is the remainder when 2743720 is divided by 314?
302
Calculate the remainder when 5197954 is divided by 755.
534
Calculate the remainder when 19187 is divided by 555.
317
What is the remainder when 32428603 is divided by 16?
11
Calculate the remainder when 526000 is divided by 296.
8
What is the remainder when 47457499 is divided by 3981?
3979
What is the remainder when 7500081 is divided by 66965?
1
What is the remainder when 2629616 is divided by 2629588?
28
Calculate the remainder when 644776831 is divided by 976.
975
What is the remainder when 4981517 is divided by 868?
65
What is the remainder when 2350703 is divided by 78?
17
What is the remainder when 7319326 is divided by 12?
10
Calculate the remainder when 6123905 is divided by 17.
12
Calculate the remainder when 171776929 is divided by 10104525.
4
Calculate the remainder when 1259360 is divided by 1259359.
1
Calculate the remainder when 145579210 is divided by 3014.
3010
Calculate the remainder when 43908982 is divided by 382.
374
Calculate the remainder when 6886607 is divided by 20.
7
What is the remainder when 920094 is divided by 3370?
84
Calculate the remainder when 4262